{"id":461,"date":"2014-02-11T21:49:06","date_gmt":"2014-02-11T21:49:06","guid":{"rendered":"http:\/\/www.steuergeraet-rep24.de\/wordpress\/?page_id=461"},"modified":"2017-05-18T19:02:22","modified_gmt":"2017-05-18T19:02:22","slug":"wegfahrsperre-deaktivieren","status":"publish","type":"page","link":"https:\/\/www.steuergeraet-rep24.de\/wordpress\/wegfahrsperre-deaktivieren\/","title":{"rendered":"WEGFAHRSPERRE DEAKTIVIEREN"},"content":{"rendered":"<p style=\"text-align: justify;\"><strong><img decoding=\"async\" loading=\"lazy\" class=\"alignleft size-full wp-image-928\" style=\"border: 0px; margin: 0px;\" alt=\"wegfahrsperre_deaktivieren\" src=\"https:\/\/www.steuergeraet-rep24.de\/wordpress\/wp-content\/uploads\/2013\/03\/wegfahrsperre_deaktivieren.png\" width=\"199\" height=\"118\" \/>Probleme mit Wegfahrsperre.<\/strong> Wer kennt das Problem nicht! <em>Ihr Anlasser dreht sich,<strong>\u00a0 Benzinzufuhr ist gesperrt, Ihr Fahrzeug springt nicht an?<\/strong><\/em><\/p>\n<p>&nbsp;<\/p>\n<ul>\n<li>Beim Hersteller einen neuen Schl\u00fcssel Bestellen und diesen ebenfalls codieren lassen ist ziemlich kostenintensiv.<\/li>\n<li>Problem mit der Versorgungsspannung sodass sich der Fehler nicht lokalisieren l\u00e4sst bzw. sehr kostenaufwendig\/kostenspielig wird.<\/li>\n<\/ul>\n<p style=\"text-align: justify;\">Letztlich sind dies jedoch sehr kostenintensive Ma\u00dfnahmen, sodass es sinnvoll ist, die Wegfahrsperre aus Ihrem Fahrzeug zu Entfernren. <strong><em>Rufen Sie uns an!<\/em> <\/strong><\/p>\n<p style=\"text-align: justify;\"><strong><em> Wir L\u00f6sen das Problem!<\/p>\n<p><!-- ***********************************ABLAUF DIAGRAM *********************************** --><\/p>\n<p><a href=\"https:\/\/www.steuergeraet-rep24.de\/wordpress\/wp-content\/uploads\/2014\/02\/logo.png\"><img decoding=\"async\" loading=\"lazy\" class=\"aligncenter size-full wp-image-680\" alt=\"logo\" src=\"https:\/\/www.steuergeraet-rep24.de\/wordpress\/wp-content\/uploads\/2014\/02\/logo.png\" width=\"697\" height=\"232\" srcset=\"https:\/\/www.steuergeraet-rep24.de\/wordpress\/wp-content\/uploads\/2014\/02\/logo.png 697w, https:\/\/www.steuergeraet-rep24.de\/wordpress\/wp-content\/uploads\/2014\/02\/logo-300x99.png 300w, https:\/\/www.steuergeraet-rep24.de\/wordpress\/wp-content\/uploads\/2014\/02\/logo-500x166.png 500w\" sizes=\"(max-width: 697px) 100vw, 697px\" \/><\/a><\/p>\n<p><!--\n<a href=\"https:\/\/www.steuergeraet-rep24.de\/wordpress\/wp-content\/uploads\/2017\/05\/Motor_Adress.png\">\n<img decoding=\"async\" loading=\"lazy\" class=\"aligncenter size-full wp-image-680\" alt=\"logo\" src=\"https:\/\/www.steuergeraet-rep24.de\/wordpress\/wp-content\/uploads\/2017\/05\/Motor_Adress.png\" width=\"697\" height=\"232\" \/><\/a> \n--><\/p>\n<p><\/em><\/strong><\/p>\n<p style=\"text-align: justify;\"><iframe loading=\"lazy\" src=\"\/\/www.youtube.com\/embed\/O-PiN7qqBQo\" height=\"315\" width=\"560\" allowfullscreen=\"\" frameborder=\"0\"><\/iframe> &#8220;Die Wegfahrsperre bei dem Renault Twingo, Clio, Megane Scenic als auch Laguna ist eine Krankheit. Jedes Fahrzeug ist in der Regel betroffen. Eine Reparatur der Wegfahrsperre beim Hersteller macht bzgl. der Kosten wenig Sinn. Stattdessen bieten wir die <strong>dauerhafte deaktivierung der Wegfahrsperre<\/strong> f\u00fcr einen fairen Preis an. Ihr Fahrzeug ist somit wieder voll fahrtauglich und muss nicht in den Schrottplatz.&#8221;<\/p>\n<p><iframe loading=\"lazy\" src=\"https:\/\/www.youtube.com\/embed\/ukhhegM7vzs\" height=\"360\" width=\"560\" allowfullscreen=\"\" frameborder=\"0\"><\/iframe><\/p>\n<blockquote><p>Wir gew\u00e4hren Ihnen selbsverst\u00e4ndlich 1 Jahr Gew\u00e4hrleistung von das von uns deaktivierte Motorsteuerger\u00e4t. Der Preis von 99\u20ac zzgl. Mwst bezieht sich i.d.r auf alle Fahrzeuge die eine Jahreszulassung bis 2004 haben. Bei Renault Fahrzeugen ist dieses Angebot bis Sirius 32 g\u00fcltig. Sirius 34 werden zeitlich als auch preislich anders bestimmt und zwar nach Absprache mit dem Kunden!<\/p><\/blockquote>\n<div id=\"attachment_975\" style=\"width: 210px\" class=\"wp-caption alignleft\"><a href=\"https:\/\/www.steuergeraet-rep24.de\/wordpress\/?page_id=616\"><img aria-describedby=\"caption-attachment-975\" decoding=\"async\" loading=\"lazy\" class=\"wp-image-975 \" style=\"border: 0px none; margin-top: 0px; margin-bottom: 0px;\" title=\"Schreiben Sie uns Ihr Anliegen!\" alt=\"kontaktformular\" src=\"https:\/\/www.steuergeraet-rep24.de\/wordpress\/wp-content\/uploads\/2014\/02\/kontaktformular.png\" width=\"200\" height=\"85\" \/><\/a><p id=\"caption-attachment-975\" class=\"wp-caption-text\"><strong>Reparaturanfrage?\u00a0\u00a0\u00a0\u00a0\u00a0\u00a0\u00a0\u00a0\u00a0\u00a0 Wir helfen Ihnen gerne!<\/strong><\/p><\/div>\n<div id=\"attachment_980\" style=\"width: 130px\" class=\"wp-caption alignright\"><a href=\"https:\/\/www.steuergeraet-rep24.de\/wordpress\/?page_id=288\"><img aria-describedby=\"caption-attachment-980\" decoding=\"async\" loading=\"lazy\" class=\"wp-image-980  \" style=\"margin-top: 0px; margin-bottom: 0px; border: 0px none;\" alt=\"anfahrt\" src=\"https:\/\/www.steuergeraet-rep24.de\/wordpress\/wp-content\/uploads\/2014\/02\/anfahrt.png\" width=\"120\" height=\"105\" \/><\/a><p id=\"caption-attachment-980\" class=\"wp-caption-text\">Besuchen Sie uns vor Ort.<\/p><\/div>\n<p><a href=\"https:\/\/www.steuergeraet-rep24.de\/wordpress\/?page_id=900&amp;wpsg_action=showProdukt&amp;produkt_id=2\"><img decoding=\"async\" loading=\"lazy\" class=\" wp-image-988 alignnone\" style=\"border: 0px none; margin: 0px;\" title=\"Wegfahrsperre deaktivieren Warenkorb\" alt=\"Warenkorb\" src=\"https:\/\/www.steuergeraet-rep24.de\/wordpress\/wp-content\/uploads\/2014\/02\/Warenkorb.png\" width=\"122\" height=\"129\" \/><\/a><\/p>\n","protected":false},"excerpt":{"rendered":"<p>Probleme mit Wegfahrsperre. Wer kennt das Problem nicht! Ihr Anlasser dreht sich,\u00a0 Benzinzufuhr ist gesperrt, Ihr Fahrzeug springt nicht an? &nbsp; Beim Hersteller einen neuen Schl\u00fcssel Bestellen und diesen ebenfalls codieren lassen ist ziemlich kostenintensiv. Problem mit der Versorgungsspannung sodass &hellip; <a href=\"https:\/\/www.steuergeraet-rep24.de\/wordpress\/wegfahrsperre-deaktivieren\/\">Continue reading <span class=\"meta-nav\">&rarr;<\/span><\/a><\/p>\n","protected":false},"author":1,"featured_media":0,"parent":0,"menu_order":0,"comment_status":"closed","ping_status":"closed","template":"sidebar-page.php","meta":[],"_links":{"self":[{"href":"https:\/\/www.steuergeraet-rep24.de\/wordpress\/wp-json\/wp\/v2\/pages\/461"}],"collection":[{"href":"https:\/\/www.steuergeraet-rep24.de\/wordpress\/wp-json\/wp\/v2\/pages"}],"about":[{"href":"https:\/\/www.steuergeraet-rep24.de\/wordpress\/wp-json\/wp\/v2\/types\/page"}],"author":[{"embeddable":true,"href":"https:\/\/www.steuergeraet-rep24.de\/wordpress\/wp-json\/wp\/v2\/users\/1"}],"replies":[{"embeddable":true,"href":"https:\/\/www.steuergeraet-rep24.de\/wordpress\/wp-json\/wp\/v2\/comments?post=461"}],"version-history":[{"count":72,"href":"https:\/\/www.steuergeraet-rep24.de\/wordpress\/wp-json\/wp\/v2\/pages\/461\/revisions"}],"predecessor-version":[{"id":1371,"href":"https:\/\/www.steuergeraet-rep24.de\/wordpress\/wp-json\/wp\/v2\/pages\/461\/revisions\/1371"}],"wp:attachment":[{"href":"https:\/\/www.steuergeraet-rep24.de\/wordpress\/wp-json\/wp\/v2\/media?parent=461"}],"curies":[{"name":"wp","href":"https:\/\/api.w.org\/{rel}","templated":true}]}}