{"id":950,"date":"2015-02-26T03:24:52","date_gmt":"2015-02-26T03:24:52","guid":{"rendered":"http:\/\/www.steuergeraet-rep24.de\/wordpress\/?page_id=950"},"modified":"2017-07-06T12:37:03","modified_gmt":"2017-07-06T12:37:03","slug":"dieselpartikelfilter-deaktivieren","status":"publish","type":"page","link":"https:\/\/www.steuergeraet-rep24.de\/wordpress\/dieselpartikelfilter-deaktivieren\/","title":{"rendered":"DIESELPARTIKELFILTER DEAKTIVIEREN"},"content":{"rendered":"<p><a id=\"609598\" href=\"http:\/\/www.xn--geflltmirbutton-2kb.de\">gef\u00e4lltmirbutton<\/a><\/p>\n<p><script type=\"text\/javascript\" src=\"http:\/\/www.gef\u00e4lltmirbutton.de\/likebutton.php?u=https%3A%2F%2Fwww.facebook.com%2FWegfahrsperre-Deaktivieren-412489482417494%2F&amp;h=30&amp;w=150&amp;l=button&amp;s=border%3Anone%3B+overflow%3Ahidden%3B+width%3A150px%3B+height%3A30px%3B&amp;i=609598&amp;sf=true&amp;st=false&amp;sh=true&amp;typ=4\"><\/script><\/p>\n<div id=\"description\" style=\"text-align: justify;\"><em><em><strong><img decoding=\"async\" loading=\"lazy\" class=\"alignleft size-full wp-image-948\" style=\"border: 0px; margin: 0px;\" alt=\"dpf_off\" src=\"https:\/\/www.steuergeraet-rep24.de\/wordpress\/wp-content\/uploads\/2013\/03\/dpf_off1.png\" width=\"199\" height=\"121\" \/><\/strong><\/em><\/em><strong>DIESELPARTIKELFILTER\/AGR DEAKTIVIERUNG<\/strong><\/div>\n<div style=\"text-align: justify;\"><\/div>\n<div style=\"text-align: justify;\"><em><em><strong><\/strong><\/em><\/em><em><em><strong><\/strong><\/em><\/em><strong><\/strong>Hat sich der Partikelfilter Ihres Pkw`s zugesetzt und Sie suchen nach einer g\u00fcnstigen Alternative zu meist teurem Partikelfiltertausch oder Partikelfilterreinigung?<\/div>\n<p>&nbsp;<\/p>\n<div style=\"text-align: justify;\"><\/div>\n<div style=\"text-align: justify;\"><strong>Wir deaktivieren\u00a0 den Partikelfilter aus dem Motorsteuerger\u00e4t!<\/strong><\/div>\n<div style=\"text-align: justify;\"><\/div>\n<div style=\"text-align: justify;\">Ohne den DPF im Motorsteuerger\u00e4t wird der Motor geschont, da der Abgasgegendruck viel geringer wird. Somit wird der Turbolader weniger belastet und kann die volle Lebensdauer entfalten und dabei in der Regel auch noch den Verbauch senken.<\/div>\n<div style=\"text-align: justify;\"><\/div>\n<div><strong>Sie profitieren also in jeder Hinsicht!<\/strong> Falls hiermit Ihr Interesse geweckt wurde, w\u00fcrden wir uns sehr \u00fcber eine Kontaktaufnahme Ihrerseits freuen, um Ihnen den Ablauf erkl\u00e4ren zu k\u00f6nnen.<\/div>\n<div><\/div>\n<div><div class=\"epyt-gallery\" data-currpage=\"1\" id=\"epyt_gallery_87383\"><iframe  id=\"_ytid_44068\"  width=\"584\" height=\"329\"  data-origwidth=\"584\" data-origheight=\"329\"  src=\"https:\/\/www.youtube.com\/embed\/eChr3k89dC8?enablejsapi=1&autoplay=0&cc_load_policy=0&iv_load_policy=1&loop=0&modestbranding=0&rel=1&fs=1&playsinline=0&autohide=2&theme=dark&color=red&controls=1&\" class=\"__youtube_prefs__ no-lazyload\" title=\"YouTube player\"  data-epytgalleryid=\"epyt_gallery_87383\"  allow=\"autoplay; encrypted-media\" allowfullscreen data-no-lazy=\"1\" data-skipgform_ajax_framebjll=\"\"><\/iframe><div class=\"epyt-gallery-list\"><div class=\"epyt-pagination \"><div tabindex=\"0\" role=\"button\" class=\"epyt-pagebutton epyt-prev  hide \" data-playlistid=\"UULW9HCm6_eLUz1NVegQ86HA\" data-pagesize=\"3\" data-pagetoken=\"\" data-epcolumns=\"3\" data-showtitle=\"1\" data-showpaging=\"1\" data-autonext=\"0\" data-thumbplay=\"1\"><div class=\"epyt-arrow\">&laquo;<\/div> <div>Prev<\/div><\/div><div class=\"epyt-pagenumbers \"><div class=\"epyt-current\">1<\/div><div class=\"epyt-pageseparator\"> \/ <\/div><div class=\"epyt-totalpages\">69<\/div><\/div><div tabindex=\"0\" role=\"button\" class=\"epyt-pagebutton epyt-next\" data-playlistid=\"UULW9HCm6_eLUz1NVegQ86HA\" data-pagesize=\"3\" data-pagetoken=\"EAAaHlBUOkNBTWlFREJDUlRKRVFrTkZRVVZGT1RCQk1ERQ\" data-epcolumns=\"3\" data-showtitle=\"1\" data-showpaging=\"1\" data-autonext=\"0\" data-thumbplay=\"1\"><div>Next<\/div> <div class=\"epyt-arrow\">&raquo;<\/div><\/div><div class=\"epyt-loader\"><img alt=\"loading\" width=\"16\" height=\"11\" src=\"https:\/\/www.steuergeraet-rep24.de\/wordpress\/wp-content\/plugins\/youtube-embed-plus\/images\/gallery-page-loader.gif\"><\/div><\/div><div class=\"epyt-gallery-allthumbs  epyt-cols-3 \"><div tabindex=\"0\" role=\"button\" data-videoid=\"eChr3k89dC8\" class=\"epyt-gallery-thumb\"><div class=\"epyt-gallery-img-box\"><div class=\"epyt-gallery-img\" style=\"background-image: url(https:\/\/i.ytimg.com\/vi\/eChr3k89dC8\/hqdefault.jpg)\"><div class=\"epyt-gallery-playhover\"><img alt=\"play\" class=\"epyt-play-img\" width=\"30\" height=\"23\" src=\"https:\/\/www.steuergeraet-rep24.de\/wordpress\/wp-content\/plugins\/youtube-embed-plus\/images\/playhover.png\" data-no-lazy=\"1\" data-skipgform_ajax_framebjll=\"\" \/><div class=\"epyt-gallery-playcrutch\"><\/div><\/div><\/div><\/div><div class=\"epyt-gallery-title\">Mercedes Ausfall mehrerer Systeme \u2013 Wischer, Klima &amp; Blinker ohne Funktion!<\/div><\/div><div tabindex=\"0\" role=\"button\" data-videoid=\"2ZZgWCU-faI\" class=\"epyt-gallery-thumb\"><div class=\"epyt-gallery-img-box\"><div class=\"epyt-gallery-img\" style=\"background-image: url(https:\/\/i.ytimg.com\/vi\/2ZZgWCU-faI\/hqdefault.jpg)\"><div class=\"epyt-gallery-playhover\"><img alt=\"play\" class=\"epyt-play-img\" width=\"30\" height=\"23\" src=\"https:\/\/www.steuergeraet-rep24.de\/wordpress\/wp-content\/plugins\/youtube-embed-plus\/images\/playhover.png\" data-no-lazy=\"1\" data-skipgform_ajax_framebjll=\"\" \/><div class=\"epyt-gallery-playcrutch\"><\/div><\/div><\/div><\/div><div class=\"epyt-gallery-title\">Mercedes Getriebesteuerger\u00e4t Stecker gebrochen! Steuerger\u00e4t defekt , was nun ?<\/div><\/div><div tabindex=\"0\" role=\"button\" data-videoid=\"K6du-RF1GKw\" class=\"epyt-gallery-thumb\"><div class=\"epyt-gallery-img-box\"><div class=\"epyt-gallery-img\" style=\"background-image: url(https:\/\/i.ytimg.com\/vi\/K6du-RF1GKw\/hqdefault.jpg)\"><div class=\"epyt-gallery-playhover\"><img alt=\"play\" class=\"epyt-play-img\" width=\"30\" height=\"23\" src=\"https:\/\/www.steuergeraet-rep24.de\/wordpress\/wp-content\/plugins\/youtube-embed-plus\/images\/playhover.png\" data-no-lazy=\"1\" data-skipgform_ajax_framebjll=\"\" \/><div class=\"epyt-gallery-playcrutch\"><\/div><\/div><\/div><\/div><div class=\"epyt-gallery-title\">Leistungssteigerung\/ Chiptuning VW Golf 8R VMax OFF 270Km\/h<\/div><\/div><div class=\"epyt-gallery-rowbreak\"><\/div><div class=\"epyt-gallery-clear\"><\/div><\/div><div class=\"epyt-pagination \"><div tabindex=\"0\" role=\"button\" class=\"epyt-pagebutton epyt-prev  hide \" data-playlistid=\"UULW9HCm6_eLUz1NVegQ86HA\" data-pagesize=\"3\" data-pagetoken=\"\" data-epcolumns=\"3\" data-showtitle=\"1\" data-showpaging=\"1\" data-autonext=\"0\" data-thumbplay=\"1\"><div class=\"epyt-arrow\">&laquo;<\/div> <div>Prev<\/div><\/div><div class=\"epyt-pagenumbers \"><div class=\"epyt-current\">1<\/div><div class=\"epyt-pageseparator\"> \/ <\/div><div class=\"epyt-totalpages\">69<\/div><\/div><div tabindex=\"0\" role=\"button\" class=\"epyt-pagebutton epyt-next\" data-playlistid=\"UULW9HCm6_eLUz1NVegQ86HA\" data-pagesize=\"3\" data-pagetoken=\"EAAaHlBUOkNBTWlFREJDUlRKRVFrTkZRVVZGT1RCQk1ERQ\" data-epcolumns=\"3\" data-showtitle=\"1\" data-showpaging=\"1\" data-autonext=\"0\" data-thumbplay=\"1\"><div>Next<\/div> <div class=\"epyt-arrow\">&raquo;<\/div><\/div><div class=\"epyt-loader\"><img alt=\"loading\" width=\"16\" height=\"11\" src=\"https:\/\/www.steuergeraet-rep24.de\/wordpress\/wp-content\/plugins\/youtube-embed-plus\/images\/gallery-page-loader.gif\"><\/div><\/div><\/div><\/div><\/div>\n<div><\/div>\n<div>\u00a0 <strong>H\u00e4ufige betroffene Fahrzeuge mit DPF (Ru\u00dfpartikelfilter) Problemen:<\/strong><\/p>\n<ul id=\"features\">\n<li>VW Crafter, PASSAT<\/li>\n<li>MERCEDES<\/li>\n<li>BMW E60, E90<\/li>\n<li>OPEL ASTRA H, CORSA<\/li>\n<li>HONDY CRV<\/li>\n<li>Jaguar XF, S-Type etc.<\/li>\n<\/ul>\n<h2><strong>Was ben\u00f6tigen wir?<\/strong><\/h2>\n<p style=\"text-align: left;\" align=\"center\"><strong>Um den DPF deaktivieren zu k\u00f6nnen, brauchen wir das Motorsteuerger\u00e4t und den Fahrzeugschein. Sie k\u00f6nnen es pers\u00f6nlich vorbeibringen oder per Post an uns schicken.<\/strong><\/p>\n<\/div>\n<div>\n<ul id=\"features\">\n<li>Keine teuren Reparaturen und Wartungen<\/li>\n<li>Weniger Verbrauch<\/li>\n<li>Besseres Ansprechverhalten<\/li>\n<li>Mehr Leistung<\/li>\n<li>Erh\u00f6hte Lebendsdauer des Motors<\/li>\n<\/ul>\n<p><span style=\"color: #000000;\"><strong>Kontaktieren Sie uns telefonisch um ein Angebot f\u00fcr die Deaktivierung des Dieselpartikelfilters zu erhalten.<\/strong><\/span><\/div>\n<div id=\"attachment_975\" style=\"width: 210px\" class=\"wp-caption alignleft\"><a href=\"https:\/\/www.steuergeraet-rep24.de\/wordpress\/?page_id=616\"><img aria-describedby=\"caption-attachment-975\" decoding=\"async\" loading=\"lazy\" class=\"wp-image-975 \" style=\"border: 0px none; margin-top: 0px; margin-bottom: 0px;\" title=\"Schreiben Sie uns Ihr Anliegen!\" alt=\"kontaktformular\" src=\"https:\/\/www.steuergeraet-rep24.de\/wordpress\/wp-content\/uploads\/2014\/02\/kontaktformular.png\" width=\"200\" height=\"85\" \/><\/a><p id=\"caption-attachment-975\" class=\"wp-caption-text\"><strong>Reparaturanfrage? Wir helfen Ihnen gerne!<\/strong><\/p><\/div>\n<div id=\"attachment_980\" style=\"width: 130px\" class=\"wp-caption alignright\"><a href=\"https:\/\/www.steuergeraet-rep24.de\/wordpress\/wp-content\/uploads\/2014\/02\/Warenkorb.png\"><img aria-describedby=\"caption-attachment-980\" decoding=\"async\" loading=\"lazy\" class=\"wp-image-980 \" style=\"margin-top: 0px; margin-bottom: 0px; border: 0px none;\" alt=\"anfahrt\" src=\"https:\/\/www.steuergeraet-rep24.de\/wordpress\/wp-content\/uploads\/2014\/02\/anfahrt.png\" width=\"120\" height=\"105\" \/><\/a><p id=\"caption-attachment-980\" class=\"wp-caption-text\">Besuchen Sie uns vor Ort.<\/p><\/div>\n<p>&nbsp;<\/p>\n<h4><strong>* Gesetzliche Bestimmung<\/strong><\/h4>\n<h4>Wir weisen daraufhin, dass innerhalb der STVZO die Deaktivierung der DPF Dieselpartikelfilter verboten ist.<\/h4>\n<h4>Wir f\u00fchren lediglich die Dienstleistung\/Reparatur zum entfernen der DPF aus. Gesetztlich ist der Fahrer Halter des Autos verantwortlich.<\/h4>\n","protected":false},"excerpt":{"rendered":"<p>gef\u00e4lltmirbutton DIESELPARTIKELFILTER\/AGR DEAKTIVIERUNG Hat sich der Partikelfilter Ihres Pkw`s zugesetzt und Sie suchen nach einer g\u00fcnstigen Alternative zu meist teurem Partikelfiltertausch oder Partikelfilterreinigung? &nbsp; Wir deaktivieren\u00a0 den Partikelfilter aus dem Motorsteuerger\u00e4t! Ohne den DPF im Motorsteuerger\u00e4t wird der Motor geschont, &hellip; <a href=\"https:\/\/www.steuergeraet-rep24.de\/wordpress\/dieselpartikelfilter-deaktivieren\/\">Continue reading <span class=\"meta-nav\">&rarr;<\/span><\/a><\/p>\n","protected":false},"author":1,"featured_media":0,"parent":0,"menu_order":0,"comment_status":"closed","ping_status":"closed","template":"sidebar-page.php","meta":[],"_links":{"self":[{"href":"https:\/\/www.steuergeraet-rep24.de\/wordpress\/wp-json\/wp\/v2\/pages\/950"}],"collection":[{"href":"https:\/\/www.steuergeraet-rep24.de\/wordpress\/wp-json\/wp\/v2\/pages"}],"about":[{"href":"https:\/\/www.steuergeraet-rep24.de\/wordpress\/wp-json\/wp\/v2\/types\/page"}],"author":[{"embeddable":true,"href":"https:\/\/www.steuergeraet-rep24.de\/wordpress\/wp-json\/wp\/v2\/users\/1"}],"replies":[{"embeddable":true,"href":"https:\/\/www.steuergeraet-rep24.de\/wordpress\/wp-json\/wp\/v2\/comments?post=950"}],"version-history":[{"count":47,"href":"https:\/\/www.steuergeraet-rep24.de\/wordpress\/wp-json\/wp\/v2\/pages\/950\/revisions"}],"predecessor-version":[{"id":1394,"href":"https:\/\/www.steuergeraet-rep24.de\/wordpress\/wp-json\/wp\/v2\/pages\/950\/revisions\/1394"}],"wp:attachment":[{"href":"https:\/\/www.steuergeraet-rep24.de\/wordpress\/wp-json\/wp\/v2\/media?parent=950"}],"curies":[{"name":"wp","href":"https:\/\/api.w.org\/{rel}","templated":true}]}}